{"id":4224,"date":"2025-04-22T16:52:28","date_gmt":"2025-04-22T14:52:28","guid":{"rendered":"http:\/\/www.sk5lf.se\/?page_id=4224"},"modified":"2026-02-26T19:18:02","modified_gmt":"2026-02-26T18:18:02","slug":"colibri-4224","status":"publish","type":"page","link":"https:\/\/www.sk5lf.se\/?page_id=4224","title":{"rendered":"Utbildning och kurser"},"content":{"rendered":"<div data-colibri-id=\"4224-c1\" class=\"style-651 style-local-4224-c1 position-relative\">\n  <!---->\n  <div data-colibri-component=\"section\" data-colibri-id=\"4224-c2\" id=\"main_content\" class=\"h-section h-section-global-spacing d-flex align-items-lg-center align-items-md-center align-items-center style-652 style-local-4224-c2 position-relative\">\n    <!---->\n    <!---->\n    <div class=\"h-section-grid-container h-section-boxed-container\">\n      <div data-colibri-id=\"4224-c33\" class=\"h-row-container gutters-row-lg-0 gutters-row-md-0 gutters-row-0 gutters-row-v-lg-0 gutters-row-v-md-0 gutters-row-v-0 style-724 style-local-4224-c33 position-relative\">\n        <!---->\n        <div class=\"h-row justify-content-lg-center justify-content-md-center justify-content-center align-items-lg-center align-items-md-center align-items-center gutters-col-lg-0 gutters-col-md-0 gutters-col-0 gutters-col-v-lg-0 gutters-col-v-md-0 gutters-col-v-0\">\n          <!---->\n          <div class=\"h-column h-column-container d-flex h-col-lg-auto h-col-md-auto h-col-auto align-self-lg-center align-self-md-center align-self-center style-725-outer style-local-4224-c34-outer\">\n            <div data-colibri-id=\"4224-c34\" class=\"d-flex h-flex-basis h-column__inner h-px-lg-0 h-px-md-0 h-px-0 v-inner-lg-0 v-inner-md-0 v-inner-0 style-725 style-local-4224-c34 position-relative\">\n              <!---->\n              <!---->\n              <div class=\"w-100 h-y-container h-column__content h-column__v-align flex-basis-100 align-self-lg-start align-self-md-start align-self-start\">\n                <!---->\n                <div data-colibri-id=\"4224-c35\" class=\"h-global-transition-all h-heading style-726 style-local-4224-c35 position-relative h-element\">\n                  <!---->\n                  <div class=\"h-heading__outer style-726 style-local-4224-c35\">\n                    <!---->\n                    <!---->\n                    <h2 class=\"\">UTBILDNING OCH KURSER<\/h2>\n                  <\/div>\n                <\/div>\n              <\/div>\n            <\/div>\n          <\/div>\n        <\/div>\n      <\/div>\n      <div data-colibri-id=\"4224-c3\" class=\"h-row-container gutters-row-lg-2 gutters-row-md-2 gutters-row-0 gutters-row-v-lg-2 gutters-row-v-md-2 gutters-row-v-2 style-653 style-local-4224-c3 position-relative\">\n        <!---->\n        <div class=\"h-row justify-content-lg-center justify-content-md-center justify-content-center align-items-lg-stretch align-items-md-stretch align-items-stretch gutters-col-lg-2 gutters-col-md-2 gutters-col-0 gutters-col-v-lg-2 gutters-col-v-md-2 gutters-col-v-2\">\n          <!---->\n          <div class=\"h-column h-column-container d-flex h-col-lg-auto h-col-md-auto h-col-auto style-654-outer style-local-4224-c4-outer\">\n            <div data-colibri-id=\"4224-c4\" class=\"d-flex h-flex-basis h-column__inner h-px-lg-2 h-px-md-2 h-px-2 v-inner-lg-2 v-inner-md-2 v-inner-2 style-654 style-local-4224-c4 position-relative\">\n              <!---->\n              <!---->\n              <div class=\"w-100 h-y-container h-column__content h-column__v-align flex-basis-100 align-self-lg-start align-self-md-start align-self-start\">\n                <!---->\n                <div data-colibri-id=\"4224-c5\" class=\"h-global-transition-all h-heading style-657 style-local-4224-c5 position-relative h-element\">\n                  <!---->\n                  <div class=\"h-heading__outer style-657 style-local-4224-c5\">\n                    <!---->\n                    <!---->\n                    <h3 class=\"\">Vad \u00e4r amat\u00f6rradio?<\/h3>\n                  <\/div>\n                <\/div>\n                <div data-colibri-id=\"4224-c6\" class=\"h-text h-text-component style-656 style-local-4224-c6 position-relative h-element\">\n                  <!---->\n                  <!---->\n                  <div class=\"\">\n                    <p><span style=\"font-weight: 400; font-size: 16px; font-family: &quot;Open Sans&quot;; color: rgb(37, 41, 42);\">Amat\u00f6rradio \u00e4r mycket mer \u00e4n att bara prata \u00f6ver en radio, det \u00e4r ett gr\u00e4ns\u00f6verskridande intresse f\u00f6r tekniska experiment och kommunikation med m\u00e4nniskor \u00f6ver hela jordklotet.<\/span>\n                      <br><span style=\"font-weight: 400; font-size: 16px; font-family: &quot;Open Sans&quot;; color: rgb(37, 41, 42);\">Det \u00e4r en hobby som ger dig chansen att l\u00e4ra dig nya tekniska innovationer, bredda dina tekniska kunskaper och bli en del av en fantastisk gemenskap tillsammans med likasinnade entusiaster och eventuellt kunna vara en viktig del vid en kris d\u00e4r samband beh\u00f6vs och vanliga kommunikationer inte r\u00e4cker till.<\/span><\/p>\n                  <\/div>\n                <\/div>\n              <\/div>\n            <\/div>\n          <\/div>\n        <\/div>\n      <\/div>\n      <div data-colibri-id=\"4224-c7\" class=\"h-row-container gutters-row-lg-2 gutters-row-md-2 gutters-row-0 gutters-row-v-lg-2 gutters-row-v-md-2 gutters-row-v-2 style-661 style-local-4224-c7 position-relative\">\n        <!---->\n        <div class=\"h-row justify-content-lg-center justify-content-md-center justify-content-center align-items-lg-stretch align-items-md-stretch align-items-stretch gutters-col-lg-2 gutters-col-md-2 gutters-col-0 gutters-col-v-lg-2 gutters-col-v-md-2 gutters-col-v-2\">\n          <!---->\n          <div class=\"h-column h-column-container d-flex h-col-lg-auto h-col-md-auto h-col-auto style-662-outer style-local-4224-c8-outer\">\n            <div data-colibri-id=\"4224-c8\" class=\"d-flex h-flex-basis h-column__inner h-px-lg-2 h-px-md-2 h-px-2 v-inner-lg-2 v-inner-md-2 v-inner-2 style-662 style-local-4224-c8 position-relative\">\n              <!---->\n              <!---->\n              <div class=\"w-100 h-y-container h-column__content h-column__v-align flex-basis-100 align-self-lg-start align-self-md-start align-self-start\">\n                <!---->\n                <div data-colibri-id=\"4224-c9\" class=\"h-global-transition-all h-heading style-664 style-local-4224-c9 position-relative h-element\">\n                  <!---->\n                  <div class=\"h-heading__outer style-664 style-local-4224-c9\">\n                    <!---->\n                    <!---->\n                    <h3 class=\"\">Om kursen<\/h3>\n                  <\/div>\n                <\/div>\n                <div data-colibri-id=\"4224-c10\" class=\"h-text h-text-component style-663 style-local-4224-c10 position-relative h-element\">\n                  <!---->\n                  <!---->\n                  <div class=\"\">\n                    <p><span style=\"font-weight: 400; font-size: 16px; font-family: &quot;Open Sans&quot;; color: rgb(37, 41, 42);\">Kursen f\u00f6rbereder dig f\u00f6r att skriva ett prov f\u00f6r<\/span><strong style=\"font-size: 16px; font-family: &quot;Open Sans&quot;; color: rgb(37, 41, 42);\">&nbsp;instegscertifikat&nbsp;<\/strong>\n                      <span\n                        style=\"font-size: 16px; font-family: &quot;Open Sans&quot;; color: rgb(37, 41, 42); font-weight: 400;\">som innefattar kunskaper i reglemente, trafikteknik och grundl\u00e4ggande radioteknik.&nbsp;<\/span>\n                    <\/p>\n                  <\/div>\n                <\/div>\n              <\/div>\n            <\/div>\n          <\/div>\n          <div class=\"h-column h-column-container d-flex h-col-lg-auto h-col-md-auto h-col-auto style-665-outer style-local-4224-c11-outer\">\n            <div data-colibri-id=\"4224-c11\" class=\"d-flex h-flex-basis h-column__inner h-px-lg-2 h-px-md-2 h-px-2 v-inner-lg-2 v-inner-md-2 v-inner-2 style-665 style-local-4224-c11 position-relative\">\n              <!---->\n              <!---->\n              <div class=\"w-100 h-y-container h-column__content h-column__v-align flex-basis-100 align-self-lg-start align-self-md-start align-self-start\">\n                <!---->\n                <div data-colibri-id=\"4224-c12\" class=\"h-global-transition-all h-heading style-666 style-local-4224-c12 position-relative h-element\">\n                  <!---->\n                  <div class=\"h-heading__outer style-666 style-local-4224-c12\">\n                    <!---->\n                    <!---->\n                    <h3 class=\"\">Kursstart<\/h3>\n                  <\/div>\n                <\/div>\n                <div data-colibri-id=\"4224-c13\" class=\"h-text h-text-component style-667 style-local-4224-c13 position-relative h-element\">\n                  <!---->\n                  <!---->\n                  <div class=\"\">\n                    <p>V\u00e4nligen kontakta kurs@sk5lf.se f\u00f6r mer information kring kommande kursstarter 2026.<\/p>\n                  <\/div>\n                <\/div>\n              <\/div>\n            <\/div>\n          <\/div>\n        <\/div>\n      <\/div>\n      <div data-colibri-id=\"4224-c14\" class=\"h-row-container gutters-row-lg-2 gutters-row-md-2 gutters-row-0 gutters-row-v-lg-2 gutters-row-v-md-2 gutters-row-v-2 style-668 style-local-4224-c14 position-relative\">\n        <!---->\n        <div class=\"h-row justify-content-lg-center justify-content-md-center justify-content-center align-items-lg-stretch align-items-md-stretch align-items-stretch gutters-col-lg-2 gutters-col-md-2 gutters-col-0 gutters-col-v-lg-2 gutters-col-v-md-2 gutters-col-v-2\">\n          <!---->\n          <div class=\"h-column h-column-container d-flex h-col-lg h-col-md-auto h-col-auto style-669-outer style-local-4224-c15-outer\">\n            <div data-colibri-id=\"4224-c15\" class=\"d-flex h-flex-basis h-column__inner h-px-lg-2 h-px-md-2 h-px-2 v-inner-lg-2 v-inner-md-2 v-inner-2 style-669 style-local-4224-c15 position-relative\">\n              <!---->\n              <!---->\n              <div class=\"w-100 h-y-container h-column__content h-column__v-align flex-basis-100 align-self-lg-start align-self-md-start align-self-start\">\n                <!---->\n                <div data-colibri-id=\"4224-c16\" class=\"h-global-transition-all h-heading style-671 style-local-4224-c16 position-relative h-element\">\n                  <!---->\n                  <div class=\"h-heading__outer style-671 style-local-4224-c16\">\n                    <!---->\n                    <!---->\n                    <h3 class=\"\">Kurser<\/h3>\n                  <\/div>\n                <\/div>\n                <div data-colibri-id=\"4224-c17\" class=\"h-text h-text-component style-672 style-local-4224-c17 position-relative h-element\">\n                  <!---->\n                  <!---->\n                  <div class=\"\">\n                    <p><strong>Mer info kring n\u00e4stkommande kurs f\u00e5r du b\u00e4st genom att kontakta kurs@sk5lf.se.<\/strong><\/p>\n                    <p>Ett amat\u00f6rradiocertifikat \u00e4r ett slags \u201ceterns k\u00f6rkort\u201d och ger dig en v\u00e4rldsunik identitet i form av ett callsign.&nbsp;<strong>Instegscertifikatet&nbsp;<\/strong>ger dig r\u00e4tt att anv\u00e4nda amat\u00f6rradios\u00e4ndare i Sverige. Det ger dig en\n                      god grund att utforska amat\u00f6rradio i praktiken p\u00e5 egen hand.&nbsp;<\/p>\n                    <p>Instegscertifikatet kan senare uppgraderas till ett internationellt HAREC-certifikat som ger dig ytterligare m\u00f6jligheter i form av h\u00f6gre uteffekt, fler frekvenser mm. Instegscertifikatet kr\u00e4ver inte lika mycket tekniska och matematiska\n                      kunskaper som det st\u00f6rre HAREC-certifikatet. Mer information om instegscertifikatet hittar du p\u00e5 SSA:s hemsida (\n                      <a href=\"https:\/\/www.ssa.se\/sverige-vi-har-ett-instegscertifikat\" style=\"font-family: &quot;Open Sans&quot;; font-weight: 400; font-size: 1em; color: rgb(0, 102, 204);\"\n                        class=\"customize-unpreviewable\">https:\/\/www.ssa.se\/sverige-vi-har-ett-instegscertifikat\/<\/a>).<\/p>\n                    <p>\n                      <br>\n                    <\/p>\n                  <\/div>\n                <\/div>\n              <\/div>\n            <\/div>\n          <\/div>\n        <\/div>\n      <\/div>\n      <div data-colibri-id=\"4224-c18\" class=\"h-row-container gutters-row-lg-2 gutters-row-md-2 gutters-row-0 gutters-row-v-lg-2 gutters-row-v-md-2 gutters-row-v-2 style-673 style-local-4224-c18 position-relative\">\n        <!---->\n        <div class=\"h-row justify-content-lg-center justify-content-md-center justify-content-center align-items-lg-stretch align-items-md-stretch align-items-stretch gutters-col-lg-2 gutters-col-md-2 gutters-col-0 gutters-col-v-lg-2 gutters-col-v-md-2 gutters-col-v-2\">\n          <!---->\n          <div class=\"h-column h-column-container d-flex h-col-lg-auto h-col-md-auto h-col-auto style-674-outer style-local-4224-c19-outer\">\n            <div data-colibri-id=\"4224-c19\" class=\"d-flex h-flex-basis h-column__inner h-px-lg-2 h-px-md-2 h-px-2 v-inner-lg-2 v-inner-md-2 v-inner-2 style-674 style-local-4224-c19 position-relative\">\n              <!---->\n              <!---->\n              <div class=\"w-100 h-y-container h-column__content h-column__v-align flex-basis-100 align-self-lg-start align-self-md-start align-self-start\">\n                <!---->\n                <div data-colibri-id=\"4224-c20\" class=\"h-global-transition-all h-heading style-676 style-local-4224-c20 position-relative h-element\">\n                  <!---->\n                  <div class=\"h-heading__outer style-676 style-local-4224-c20\">\n                    <!---->\n                    <!---->\n                    <h3 class=\"\">Anm\u00e4lan<\/h3>\n                  <\/div>\n                <\/div>\n                <div data-colibri-id=\"4224-c21\" class=\"h-text h-text-component style-677 style-local-4224-c21 position-relative h-element\">\n                  <!---->\n                  <!---->\n                  <div class=\"\">\n                    <p>H\u00f6r g\u00e4rna av dig till kurs@sk5lf.se f\u00f6r mer information om kommande kursstarter.<\/p>\n                  <\/div>\n                <\/div>\n              <\/div>\n            <\/div>\n          <\/div>\n          <div class=\"h-column h-column-container d-flex h-col-lg-auto h-col-md-auto h-col-auto style-675-outer style-local-4224-c22-outer\">\n            <div data-colibri-id=\"4224-c22\" class=\"d-flex h-flex-basis h-column__inner h-px-lg-2 h-px-md-2 h-px-2 v-inner-lg-2 v-inner-md-2 v-inner-2 style-675 style-local-4224-c22 position-relative\">\n              <!---->\n              <!---->\n              <div class=\"w-100 h-y-container h-column__content h-column__v-align flex-basis-100 align-self-lg-start align-self-md-start align-self-start\">\n                <!---->\n                <div data-colibri-id=\"4224-c23\" class=\"h-global-transition-all h-heading style-678 style-local-4224-c23 position-relative h-element\">\n                  <!---->\n                  <div class=\"h-heading__outer style-678 style-local-4224-c23\">\n                    <!---->\n                    <!---->\n                    <h3 class=\"\">Avgifter (HT25)<\/h3>\n                  <\/div>\n                <\/div>\n                <div data-colibri-id=\"4224-c24\" class=\"h-text h-text-component style-679 style-local-4224-c24 position-relative h-element\">\n                  <!---->\n                  <!---->\n                  <div class=\"\">\n                    <ul>\n                      <li><span style=\"color: rgb(37, 41, 42); font-family: &quot;Open Sans&quot;; font-size: 16px; font-weight: 400;\">500 kr (250 kr f\u00f6r ungdomar\/studerande)<\/span><\/li>\n                      <li><span style=\"color: rgb(37, 41, 42); font-family: &quot;Open Sans&quot;; font-size: 16px; font-weight: 400;\">1 \u00e5rs medlemskap i Radioklubben SK5LF ing\u00e5r<\/span><\/li>\n                      <li><span style=\"color: rgb(37, 41, 42); font-family: &quot;Open Sans&quot;; font-size: 16px; font-weight: 400;\">Kurslitteratur: 175 kr<\/span><\/li>\n                      <li><span style=\"color: rgb(37, 41, 42); font-family: &quot;Open Sans&quot;; font-size: 16px; font-weight: 400;\">Certifikatprov: 200 kr<\/span><\/li>\n                      <li><span style=\"color: rgb(37, 41, 42); font-family: &quot;Open Sans&quot;; font-size: 16px; font-weight: 400;\">Eng\u00e5ngsavgift f\u00f6r tilldelning av anropssignal efter godk\u00e4nt prov: 390 kr<\/span><\/li>\n                    <\/ul>\n                    <p><span style=\"color: rgb(37, 41, 42); font-family: &quot;Open Sans&quot;; font-size: 16px; font-weight: 400;\">Med reservation f\u00f6r \u00e4ndringar under n\u00e4stkommande kurs.<\/span><\/p>\n                  <\/div>\n                <\/div>\n              <\/div>\n            <\/div>\n          <\/div>\n        <\/div>\n      <\/div>\n      <div data-colibri-id=\"4224-c25\" class=\"h-row-container gutters-row-lg-2 gutters-row-md-2 gutters-row-0 gutters-row-v-lg-2 gutters-row-v-md-2 gutters-row-v-2 style-680 style-local-4224-c25 position-relative\">\n        <!---->\n        <div class=\"h-row justify-content-lg-center justify-content-md-center justify-content-center align-items-lg-stretch align-items-md-stretch align-items-stretch gutters-col-lg-2 gutters-col-md-2 gutters-col-0 gutters-col-v-lg-2 gutters-col-v-md-2 gutters-col-v-2\">\n          <!---->\n          <div class=\"h-column h-column-container d-flex h-col-lg h-col-md h-col-auto style-681-outer style-local-4224-c26-outer\">\n            <div data-colibri-id=\"4224-c26\" class=\"d-flex h-flex-basis h-column__inner h-px-lg-2 h-px-md-2 h-px-2 v-inner-lg-2 v-inner-md-2 v-inner-2 style-681 style-local-4224-c26 position-relative\">\n              <!---->\n              <!---->\n              <div class=\"w-100 h-y-container h-column__content h-column__v-align flex-basis-100 align-self-lg-start align-self-md-start align-self-start\">\n                <!---->\n                <div data-colibri-id=\"4224-c27\" class=\"h-global-transition-all h-heading style-683 style-local-4224-c27 position-relative h-element\">\n                  <!---->\n                  <div class=\"h-heading__outer style-683 style-local-4224-c27\">\n                    <!---->\n                    <!---->\n                    <h3 class=\"\">Kursmaterial<\/h3>\n                  <\/div>\n                <\/div>\n                <div data-colibri-id=\"4224-c28\" class=\"h-text h-text-component style-687 style-local-4224-c28 position-relative h-element\">\n                  <!---->\n                  <!---->\n                  <div class=\"\">\n                    <p><strong>Kurslitteraturen&nbsp;<\/strong><span style=\"font-weight: 400;\">\u00e4r huvudsakligen&nbsp;<\/span><em style=\"font-weight: 400;\">Bli s\u00e4ndaramat\u00f6r &#8211; v\u00e4gen till instegscertifikat<\/em><span style=\"font-weight: 400;\">, SSA, 2025).&nbsp;Boken kan best\u00e4llas fr\u00e5n SSA:s webbshop h\u00e4r&nbsp;<\/span>\n                      <a\n                        href=\"https:\/\/hamshop.ssa.se\/butik\/svensksprakig-litteratur\/utbildning\/bli-sandaramator-vagen-till-instegscertifikat\" style=\"font-weight: 400; color: rgb(0, 102, 204); font-size: 1em; font-family: &quot;Open Sans&quot;;\" class=\"customize-unpreviewable\">https:\/\/hamshop.ssa.se\/butik\/svensksprakig-litteratur\/utbildning\/bli-sandaramator-vagen-till-instegscertifikat\/<\/a><span style=\"font-weight: 400;\">.<\/span><\/p>\n                    <p>\u00d6vrigt kursmaterial delas ut i samband med kursen.<\/p>\n                    <p><strong>\u00d6vningsprov<\/strong><\/p>\n                    <p>Du kan testa att g\u00f6ra ett \u00f6vningsprov p\u00e5\n                      <br>\n                      <a href=\"https:\/\/examen.ssa.se\" style=\"color: rgb(2, 110, 159); font-size: 1em; font-weight: 400; font-family: &quot;Open Sans&quot;;\" class=\"customize-unpreviewable\">https:\/\/examen.ssa.se\/<\/a>\n                    <\/p>\n                    <p>Du beh\u00f6ver registrera dig: klicka p\u00e5 \u201dLogga in\u201d uppe i h\u00f6gra h\u00f6rnet s\u00e5 kommer valet att registrera sig att finnas d\u00e4r.<\/p>\n                  <\/div>\n                <\/div>\n              <\/div>\n            <\/div>\n          <\/div>\n        <\/div>\n      <\/div>\n      <div data-colibri-id=\"4224-c29\" class=\"h-row-container gutters-row-lg-2 gutters-row-md-2 gutters-row-0 gutters-row-v-lg-2 gutters-row-v-md-2 gutters-row-v-2 style-719 style-local-4224-c29 position-relative\">\n        <!---->\n        <div class=\"h-row justify-content-lg-center justify-content-md-center justify-content-center align-items-lg-stretch align-items-md-stretch align-items-stretch gutters-col-lg-2 gutters-col-md-2 gutters-col-0 gutters-col-v-lg-2 gutters-col-v-md-2 gutters-col-v-2\">\n          <!---->\n          <div class=\"h-column h-column-container d-flex h-col-lg-auto h-col-md-auto h-col-auto style-720-outer style-local-4224-c30-outer\">\n            <div data-colibri-id=\"4224-c30\" class=\"d-flex h-flex-basis h-column__inner h-px-lg-2 h-px-md-2 h-px-2 v-inner-lg-2 v-inner-md-2 v-inner-2 style-720 style-local-4224-c30 position-relative\">\n              <!---->\n              <!---->\n              <div class=\"w-100 h-y-container h-column__content h-column__v-align flex-basis-100 align-self-lg-start align-self-md-start align-self-start\">\n                <!---->\n                <div data-colibri-id=\"4224-c31\" class=\"h-global-transition-all h-heading style-722 style-local-4224-c31 position-relative h-element\">\n                  <!---->\n                  <div class=\"h-heading__outer style-722 style-local-4224-c31\">\n                    <!---->\n                    <!---->\n                    <h3 class=\"\">Kontakt<\/h3>\n                  <\/div>\n                <\/div>\n                <div data-colibri-id=\"4224-c32\" class=\"h-text h-text-component style-723 style-local-4224-c32 position-relative h-element\">\n                  <!---->\n                  <!---->\n                  <div class=\"\">\n                    <p>F\u00f6r att f\u00e5 kontakt med kursgruppen skriv till: kurs@sk5lf.se.<\/p>\n                  <\/div>\n                <\/div>\n              <\/div>\n            <\/div>\n          <\/div>\n        <\/div>\n      <\/div>\n    <\/div>\n  <\/div>\n<\/div>","protected":false},"excerpt":{"rendered":"<p>UTBILDNING OCH KURSER Vad \u00e4r amat\u00f6rradio? Amat\u00f6rradio \u00e4r mycket mer \u00e4n att bara prata \u00f6ver en radio, det \u00e4r ett gr\u00e4ns\u00f6verskridande intresse f\u00f6r tekniska experiment och kommunikation med m\u00e4nniskor \u00f6ver hela jordklotet. Det \u00e4r en hobby som ger dig chansen att l\u00e4ra dig nya tekniska innovationer, bredda dina tekniska kunskaper och bli en del av [&hellip;]<\/p>\n","protected":false},"author":1,"featured_media":0,"parent":0,"menu_order":0,"comment_status":"closed","ping_status":"closed","template":"page-templates\/full-width-page.php","meta":{"ngg_post_thumbnail":0,"footnotes":""},"class_list":["post-4224","page","type-page","status-publish","hentry"],"_links":{"self":[{"href":"https:\/\/www.sk5lf.se\/index.php?rest_route=\/wp\/v2\/pages\/4224","targetHints":{"allow":["GET"]}}],"collection":[{"href":"https:\/\/www.sk5lf.se\/index.php?rest_route=\/wp\/v2\/pages"}],"about":[{"href":"https:\/\/www.sk5lf.se\/index.php?rest_route=\/wp\/v2\/types\/page"}],"author":[{"embeddable":true,"href":"https:\/\/www.sk5lf.se\/index.php?rest_route=\/wp\/v2\/users\/1"}],"replies":[{"embeddable":true,"href":"https:\/\/www.sk5lf.se\/index.php?rest_route=%2Fwp%2Fv2%2Fcomments&post=4224"}],"version-history":[{"count":15,"href":"https:\/\/www.sk5lf.se\/index.php?rest_route=\/wp\/v2\/pages\/4224\/revisions"}],"predecessor-version":[{"id":4713,"href":"https:\/\/www.sk5lf.se\/index.php?rest_route=\/wp\/v2\/pages\/4224\/revisions\/4713"}],"wp:attachment":[{"href":"https:\/\/www.sk5lf.se\/index.php?rest_route=%2Fwp%2Fv2%2Fmedia&parent=4224"}],"curies":[{"name":"wp","href":"https:\/\/api.w.org\/{rel}","templated":true}]}}