{"id":1422,"date":"2018-02-01T21:16:21","date_gmt":"2018-02-01T20:16:21","guid":{"rendered":"http:\/\/nysida.sk5lf.se\/?page_id=1422"},"modified":"2025-09-17T19:33:47","modified_gmt":"2025-09-17T17:33:47","slug":"repeatern","status":"publish","type":"page","link":"https:\/\/www.sk5lf.se\/?page_id=1422","title":{"rendered":"Repeatern"},"content":{"rendered":"<div class=\"style-257 style-local-1422-c1 position-relative\" data-colibri-id=\"1422-c1\">\r\n<div id=\"initial-content\" class=\"h-section h-section-global-spacing d-flex align-items-lg-center align-items-md-center align-items-center style-258 style-local-1422-c2 position-relative\" data-colibri-component=\"section\" data-colibri-id=\"1422-c2\"><br>\r\n<div class=\"h-section-grid-container h-section-boxed-container\">\r\n<div class=\"h-row-container gutters-row-lg-0 gutters-row-md-0 gutters-row-0 gutters-row-v-lg-0 gutters-row-v-md-0 gutters-row-v-0 style-597 style-local-1422-c3 position-relative\" data-colibri-id=\"1422-c3\">\r\n<div class=\"h-row justify-content-lg-center justify-content-md-center justify-content-center align-items-lg-stretch align-items-md-stretch align-items-stretch gutters-col-lg-0 gutters-col-md-0 gutters-col-0 gutters-col-v-lg-0 gutters-col-v-md-0 gutters-col-v-0\">\r\n<div class=\"h-column h-column-container d-flex h-col-lg h-col-md h-col-auto style-598-outer style-local-1422-c4-outer\">\r\n<div class=\"d-flex h-flex-basis h-column__inner h-px-lg-0 h-px-md-0 h-px-0 v-inner-lg-0 v-inner-md-0 v-inner-0 style-598 style-local-1422-c4 position-relative\" data-colibri-id=\"1422-c4\"><br>\r\n<div class=\"w-100 h-y-container h-column__content h-column__v-align flex-basis-100 align-self-lg-center align-self-md-center align-self-center\">\r\n<div class=\"h-global-transition-all h-heading style-600 style-local-1422-c5 position-relative h-element\" data-colibri-id=\"1422-c5\">\r\n<div class=\"h-heading__outer style-600 style-local-1422-c5\"><br>\r\n<h2 class=\"\">REPEATERN<\/h2>\r\n<\/div>\r\n<\/div>\r\n<\/div>\r\n<\/div>\r\n<\/div>\r\n<\/div>\r\n<\/div>\r\n<div class=\"h-row-container gutters-row-lg-2 gutters-row-md-2 gutters-row-0 gutters-row-v-lg-2 gutters-row-v-md-2 gutters-row-v-2 style-728 style-local-1422-c10 position-relative\" data-colibri-id=\"1422-c10\">\r\n<div class=\"h-row justify-content-lg-center justify-content-md-center justify-content-center align-items-lg-stretch align-items-md-stretch align-items-stretch gutters-col-lg-2 gutters-col-md-2 gutters-col-0 gutters-col-v-lg-2 gutters-col-v-md-2 gutters-col-v-2\">\r\n<div class=\"h-column h-column-container d-flex h-col-lg-auto h-col-md-auto h-col-auto style-729-outer style-local-1422-c11-outer\">\r\n<div class=\"d-flex h-flex-basis h-column__inner h-px-lg-2 h-px-md-2 h-px-2 v-inner-lg-2 v-inner-md-2 v-inner-2 style-729 style-local-1422-c11 position-relative\" data-colibri-id=\"1422-c11\"><br>\r\n<div class=\"w-100 h-y-container h-column__content h-column__v-align flex-basis-100 align-self-lg-start align-self-md-start align-self-start\">\r\n<div class=\"h-text h-text-component style-731 style-local-1422-c13 position-relative h-element\" data-colibri-id=\"1422-c13\"><br>\r\n<div class=\"\">\r\n<p><span style=\"font-weight: 400; font-size: 16px; font-family: 'Open Sans'; color: #25292a;\">F\u00f6reningen har en repeater (70 cm) i Link\u00f6ping, p\u00e5 samma QTH finns \u00e4ven en digipeater. QTH\u2019t \u00e4r i ett omr\u00e5de som heter Berga, det ligger inte l\u00e5ngt fr\u00e5n stadsk\u00e4rnan. Den sitter p\u00e5 taket p\u00e5 ett flerv\u00e5ningshus som ligger p\u00e5 en h\u00f6gre h\u00f6jd.<\/span><\/p>\r\n<\/div>\r\n<\/div>\r\n<div class=\"style-261 style-local-1422-c8 position-relative h-element\" data-colibri-id=\"1422-c8\">\r\n<div>&nbsp;<\/div>\r\n<\/div>\r\n<\/div>\r\n<\/div>\r\n<\/div>\r\n<\/div>\r\n<\/div>\r\n<\/div>\r\n<\/div>\r\n<\/div>\r\n\r\n\r\n<h3 class=\"wp-block-heading\">Information om repeatern f\u00f6r UHF<\/h3>\r\n\r\n\r\n\r\n<p><strong>Frekvens:<\/strong> 434.825 MHz (ny frekvens sedan \u00e5rsskiftet 2017\/2018)\r\n                      <br><strong>Status: <\/strong>QRV\r\n                      <br><strong>Skift:<\/strong> -2.0 MHz\r\n                      <br><strong>Subton:<\/strong> 82,5\r\n                      <br><strong>DTMF:<\/strong> 5\r\n                      <br>\r\n                      <br><strong>Radio h\u00e5rdvara:<\/strong>&nbsp;ICOM IC-FR 4100\r\n                      <br><strong>Antenn:&nbsp;<\/strong>Aerial OY AV1914-H (4 stackad)<strong><br>Effekt:&nbsp;<\/strong>12,9 W (ut fr\u00e5n antennen)\r\n                      <br><strong>Kavitetsfilter: <\/strong>6 st Wacom WP-678-R1<\/p>\r\n\r\n\r\n\r\n<h3 class=\"wp-block-heading\">Felanm\u00e4lan<\/h3>\r\n\r\n\r\n\r\n<p>F\u00f6r felanm\u00e4lan eller andra funderingar, kontakta g\u00e4rna oss p\u00e5 info@sk5lf.se och ber\u00e4tta om dina funderingar\/uppm\u00e4rksammade problem med repeatern. All information om hur ni tycker repeatern fungerar \u00e4r v\u00e4lkommen, allt f\u00f6r att den ska\r\n                      kunna fungera s\u00e5 optimalt och bra som m\u00f6jligt.<\/p>\r\n\r\n\r\n\r\n<h3 class=\"wp-block-heading\">Tack till<\/h3>\r\n\r\n\r\n\r\n<p>Vi vill rikta extra tack till n\u00e5gra som hj\u00e4lpt oss med att fixa repeatern i klubben.\r\n                      <br>\r\n                      <br>Stort tack till Anders (SM5DWC) f\u00f6r trimning av kaviteterna samt TX-RX till radion, en ICOM IC-FR 4100.\r\n                      <br>\r\n                      <br>\u00c4ven ett stort tack till Mikael (SM5VQH) f\u00f6r programmeringen av radion samt det lilla repeater kort som du fixat med bravur.\r\n                      <br>\r\n                      <br>Tack ocks\u00e5 igen till Mikael (SM5VQH) och Kasper (SA5LKT) f\u00f6r hj\u00e4lpen med uppmontering av digipeater antennen.<\/p>\r\n\r\n\r\n\r\nngg_shortcode_0_placeholder\r\n\r\n\r\n\r\n<p><\/p>\r\n\r\n\r\n<\/div><\/div>\r\n<\/p><\/div>\r\n<\/p><\/div>\r\n<\/p><\/div>\r\n<\/p><\/div>\r\n<\/p><\/div>\r\n<div data-colibri-id=\"1422-c6\" class=\"h-row-container gutters-row-lg-2 gutters-row-md-2 gutters-row-0 gutters-row-v-lg-2 gutters-row-v-md-2 gutters-row-v-2 style-259 style-local-1422-c6 position-relative\">\r\n        <!----><\/p>\r\n<div class=\"h-row justify-content-lg-center justify-content-md-center justify-content-center align-items-lg-stretch align-items-md-stretch align-items-stretch gutters-col-lg-2 gutters-col-md-2 gutters-col-0 gutters-col-v-lg-2 gutters-col-v-md-2 gutters-col-v-2\">\r\n          <!----><\/p>\r\n<div class=\"h-column h-column-container d-flex h-col-lg-auto h-col-md-auto h-col-auto style-260-outer style-local-1422-c7-outer\">\r\n<div data-colibri-id=\"1422-c7\" class=\"d-flex h-flex-basis h-column__inner h-ui-empty-state-container h-px-lg-2 h-px-md-2 h-px-2 v-inner-lg-2 v-inner-md-2 v-inner-2 style-260 style-local-1422-c7 position-relative\">\r\n              <!----><br \/>\r\n              <!----><\/p>\r\n<div class=\"w-100 h-y-container h-column__content h-column__v-align flex-basis-100\">\r\n                <!---->\r\n              <\/div>\r\n<\/p><\/div>\r\n<\/p><\/div>\r\n<\/p><\/div>\r\n<\/p><\/div>\r\n<\/p><\/div>\r\n<\/p><\/div>\r\n<\/div>","protected":false},"excerpt":{"rendered":"<p>REPEATERN F\u00f6reningen har en repeater (70 cm) i Link\u00f6ping, p\u00e5 samma QTH finns \u00e4ven en digipeater. QTH\u2019t \u00e4r i ett omr\u00e5de som heter Berga, det ligger inte l\u00e5ngt fr\u00e5n stadsk\u00e4rnan. Den sitter p\u00e5 taket p\u00e5 ett flerv\u00e5ningshus som ligger p\u00e5 en h\u00f6gre h\u00f6jd. &nbsp; Information om repeatern f\u00f6r UHF Frekvens: 434.825 MHz (ny frekvens sedan [&hellip;]<\/p>\n","protected":false},"author":1,"featured_media":0,"parent":0,"menu_order":0,"comment_status":"closed","ping_status":"closed","template":"page-templates\/full-width-page.php","meta":{"ngg_post_thumbnail":0,"footnotes":""},"class_list":["post-1422","page","type-page","status-publish","hentry"],"_links":{"self":[{"href":"https:\/\/www.sk5lf.se\/index.php?rest_route=\/wp\/v2\/pages\/1422","targetHints":{"allow":["GET"]}}],"collection":[{"href":"https:\/\/www.sk5lf.se\/index.php?rest_route=\/wp\/v2\/pages"}],"about":[{"href":"https:\/\/www.sk5lf.se\/index.php?rest_route=\/wp\/v2\/types\/page"}],"author":[{"embeddable":true,"href":"https:\/\/www.sk5lf.se\/index.php?rest_route=\/wp\/v2\/users\/1"}],"replies":[{"embeddable":true,"href":"https:\/\/www.sk5lf.se\/index.php?rest_route=%2Fwp%2Fv2%2Fcomments&post=1422"}],"version-history":[{"count":20,"href":"https:\/\/www.sk5lf.se\/index.php?rest_route=\/wp\/v2\/pages\/1422\/revisions"}],"predecessor-version":[{"id":4313,"href":"https:\/\/www.sk5lf.se\/index.php?rest_route=\/wp\/v2\/pages\/1422\/revisions\/4313"}],"wp:attachment":[{"href":"https:\/\/www.sk5lf.se\/index.php?rest_route=%2Fwp%2Fv2%2Fmedia&parent=1422"}],"curies":[{"name":"wp","href":"https:\/\/api.w.org\/{rel}","templated":true}]}}